ommon factor of 12 and 3774156?
12
Calculate the highest common divisor of 408 and 1340.
4
What is the greatest common factor of 165 and 1900195?
55
Calculate the greatest common divisor of 118 and 666877.
59
What is the greatest common factor of 32 and 39784?
8
What is the highest common divisor of 2894 and 2157477?
1447
What is the highest common divisor of 86710 and 406?
58
What is the greatest common divisor of 16258 and 88?
22
What is the highest common divisor of 3893 and 146331?
229
What is the greatest common divisor of 3402 and 1596?
42
What is the highest common factor of 2232 and 147033?
279
Calculate the greatest common divisor of 3362 and 1968.
82
Calculate the highest common divisor of 39 and 1337999.
13
Calculate the greatest common factor of 410567 and 17.
17
What is the greatest common factor of 249297 and 276?
69
Calculate the greatest common divisor of 98 and 11186.
14
Calculate the highest common factor of 369 and 117.
9
What is the highest common divisor of 12168 and 21463?
169
Calculate the highest common factor of 501 and 21877.
167
Calculate the highest common divisor of 1055763 and 18.
9
Calculate the highest common divisor of 241 and 5808341.
241
What is the highest common factor of 9960 and 80?
40
Calculate the greatest common factor of 82198 and 146.
146
What is the greatest common divisor of 42217 and 16952?
163
Calculate the greatest common factor of 5 and 269455.
5
What is the greatest common factor of 1355201 and 463?
463
Calculate the highest common factor of 24465 and 18.
3
What is the greatest common divisor of 495755 and 10?
5
Calculate the greatest common divisor of 592 and 432.
16
Calculate the highest common factor of 5306 and 3262.
14
Calculate the highest common factor of 182 and 9438.
26
Calculate the greatest common divisor of 937880 and 60.
20
Calculate the highest common divisor of 4779 and 1053.
81
What is the greatest common factor of 106100 and 100?
100
Calculate the highest common factor of 14 and 3142.
2
What is the highest common factor of 2780 and 2300?
20
What is the highest common divisor of 2450 and 2790?
10
Calculate the highest common divisor of 1394 and 11398.
82
Calculate the highest common factor of 194 and 5540446.
194
Calculate the highest common factor of 10735 and 5795.
95
What is the highest common factor of 923 and 1651?
13
Calculate the highest common factor of 23936 and 1360.
272
What is the greatest common divisor of 38958 and 1032?
258
Calculate the greatest common divisor of 9 and 6170841.
9
What is the greatest common divisor of 81 and 126252?
27
What is the highest common divisor of 793 and 13624?
13
Calculate the highest common factor of 497 and 1120.
7
Calculate the greatest common factor of 12597 and 189696.
741
What is the highest common divisor of 76940 and 160?
20
Calculate the greatest common divisor of 78 and 37544.
26
What is the highest common divisor of 1708 and 7225694?
854
What is the greatest common factor of 16514 and 4646?
46
Calculate the highest common divisor of 23564 and 959.
137
Calculate the greatest common factor of 1290984 and 24.
24
What is the highest common divisor of 109344 and 402?
402
Calculate the greatest common divisor of 127260 and 770.
70
What is the greatest common factor of 2365 and 557667?
473
Calculate the highest common factor of 85530 and 57.
3
Calculate the greatest common factor of 51448 and 7552.
472
Calculate the highest common divisor of 20608 and 12096.
448
Calculate the greatest common factor of 655848 and 30.
6
Calculate the highest common divisor of 1392 and 14761.
29
Calculate the highest common factor of 330070 and 1170.
130
Calculate the highest common divisor of 2709 and 31003.
301
What is the greatest common divisor of 252 and 86532?
12
What is the highest common divisor of 38429 and 18983?
463
Calculate the greatest common divisor of 1680 and 1002890.
70
Calculate the greatest common factor of 5715 and 90.
45
What is the greatest common factor of 31275 and 3150?
225
What is the highest common divisor of 124843 and 131?
131
What is the greatest common factor of 224 and 42504?
56
Calculate the highest common divisor of 96 and 156168.
24
What is the highest common factor of 43081 and 3149?
67
Calculate the greatest common divisor of 286 and 3162302.
286
Calculate the highest common factor of 5628 and 25620.
84
What is the greatest common factor of 83508 and 12?
12
Calculate the greatest common divisor of 59618 and 338.
26
Calculate the greatest common factor of 12800 and 3000.
200
Calculate the greatest common divisor of 980 and 45.
5
Calculate the greatest common divisor of 216000 and 29376.
1728
What is the greatest common factor of 3549 and 2396758?
1183
Calculate the greatest common divisor of 14561 and 1.
1
Calculate the highest common factor of 40 and 157720.
40
What is the greatest common divisor of 4390 and 40?
10
Calculate the highest common divisor of 87 and 1632.
3
What is the greatest common divisor of 981 and 117?
9
Calculate the greatest common divisor of 1229677 and 62.
31
What is the highest common factor of 6975 and 6075?
225
What is the greatest common divisor of 1504 and 22513?
47
Calculate the greatest common factor of 4310 and 9051.
431
What is the highest common divisor of 964 and 664?
4
What is the greatest common factor of 33 and 853402?
11
What is the greatest common divisor of 6 and 55176?
6
Calculate the highest common factor of 30805 and 915.
305
Calculate the highest common divisor of 1894 and 1111778.
1894
What is the greatest common factor of 5558 and 266?
14
Calculate the greatest common factor of 36524 and 1472.
92
Calculate the greatest common factor of 972 and 374868.
324
Calculate the highest common factor of 7761822 and 12.
6
Calculate the highest common factor of 36715 and 35.
35
What is the highest common factor of 1663056 and 12?
12
What is the highest common factor of 60 and 7026?
6
Calculate the highest common factor of 117864 and 72.
72
Calculate the greatest common divisor of 278 and 196.
2
What is the greatest common divisor of 45410 and 190?
190
Calculate the highest common divisor of 16019 and 2407.
83
Calculate the greatest common factor of 35108 and 804.
268
What is the highest common factor of 3440 and 308095?
215
What is the highest common factor of 62694 and 258?
258
What is the greatest common divisor of 20763 and 135?
27
Calculate the greatest common divisor of 320 and 51008.
64
Calculate the greatest common divisor of 13 and 56641.
13
What is the highest common factor of 31213 and 1323?
49
What is the greatest common factor of 200 and 41325?
25
What is the greatest common factor of 71 and 1535801?
71
Calculate the highest common divisor of 1302 and 203546.
434
Calculate the highest common divisor of 336 and 2054094.
42
Calculate the greatest common divisor of 21 and 3800916.
21
Calculate the greatest common divisor of 5520 and 29040.
240
Calculate the greatest common factor of 36 and 302196.
12
Calculate the greatest common divisor of 7003 and 58557.
149
Calculate the highest common divisor of 23680 and 200.
40
Calculate the highest common factor of 123435 and 1872.
117
What is the highest common divisor of 944 and 3664?
16
What is the highest common factor of 10567 and 8?
1
What is the highest common factor of 143550 and 70290?
990
What is the highest common divisor of 9347 and 104?
13
What is the greatest common divisor of 90 and 965460?
30
What is the greatest common divisor of 202 and 1304819?
101
What is the greatest common factor of 51 and 131172?
51
What is the greatest common divisor of 419448 and 24?
24
Calculate the greatest common factor of 224 and 19208.
56
What is the greatest common factor of 80 and 8352?
16
What is the greatest common divisor of 78 and 547404?
78
Calculate the highest common divisor of 8608 and 272.
16
Calculate the highest common factor of 5688 and 801.
9
What is the greatest common factor of 240 and 171280?
80
Calculate the highest common factor of 78372 and 5292.
252
What is the highest common divisor of 1107 and 4920?
123
What is the greatest common factor of 4152489 and 1518?
759
Calculate the greatest common divisor of 16704 and 360.
72
What is the highest common factor of 63 and 713559?
21
Calculate the greatest common div